510439646?
2, 3, 417246647
What are the prime factors of 1334213295?
3, 5, 17, 29, 10613
List the prime factors of 68145021.
3, 7, 23, 131, 359
List the prime factors of 1584080.
2, 5, 19801
List the prime factors of 21646014.
2, 3, 13, 277513
List the prime factors of 145503479.
11, 1609, 8221
What are the prime factors of 2018314797?
3, 223, 1721, 1753
List the prime factors of 7452045943.
47, 158554169
List the prime factors of 1019744293.
137, 7443389
List the prime factors of 299678558.
2, 173, 866123
What are the prime factors of 204565325?
5, 2089, 3917
What are the prime factors of 643209466?
2, 321604733
What are the prime factors of 318531065?
5, 67, 950839
List the prime factors of 2308188.
2, 3, 23, 8363
List the prime factors of 3275972800.
2, 5, 23, 89021
What are the prime factors of 45313449?
3, 17, 888499
List the prime factors of 2190262070.
2, 5, 73, 3000359
List the prime factors of 615931200.
2, 3, 5, 42773
List the prime factors of 2835262806.
2, 3, 491, 857, 1123
What are the prime factors of 2772467851?
2772467851
What are the prime factors of 110694646?
2, 19, 883, 3299
List the prime factors of 462770903.
7, 66110129
List the prime factors of 7386266833.
11, 671478803
List the prime factors of 28830947.
181, 159287
What are the prime factors of 38462068?
2, 1217, 7901
List the prime factors of 124572302.
2, 373, 166987
What are the prime factors of 154838498?
2, 77419249
What are the prime factors of 29575820?
2, 5, 619, 2389
What are the prime factors of 51506553?
3, 7, 37, 151, 439
What are the prime factors of 765594155?
5, 153118831
List the prime factors of 373971847.
373971847
What are the prime factors of 1077467366?
2, 1289, 417947
What are the prime factors of 123388834?
2, 73, 845129
List the prime factors of 367745.
5, 7, 19, 79
What are the prime factors of 759262?
2, 7, 193, 281
What are the prime factors of 93056951?
13, 7158227
What are the prime factors of 821867750?
2, 5, 11, 298861
List the prime factors of 34746387.
3, 13, 890933
What are the prime factors of 275723137?
4967, 55511
What are the prime factors of 930590039?
23333, 39883
What are the prime factors of 40746579?
3, 41, 257, 1289
List the prime factors of 124565386.
2, 11, 514733
List the prime factors of 146281909.
23, 6360083
List the prime factors of 34438061.
7, 23, 213901
List the prime factors of 5895386611.
23, 89, 641, 4493
List the prime factors of 27885507.
3, 13, 55001
List the prime factors of 94191357.
3, 13, 277, 8719
What are the prime factors of 27141072?
2, 3, 7, 80777
List the prime factors of 459071724.
2, 3, 38255977
List the prime factors of 697832063.
311, 2243833
List the prime factors of 3176575647.
3, 7, 17, 2851, 3121
What are the prime factors of 1341644849?
43, 271, 115133
What are the prime factors of 134036110?
2, 5, 13, 1031047
List the prime factors of 2438910926.
2, 31, 181, 217333
List the prime factors of 1121183857.
10687, 104911
What are the prime factors of 51140584?
2, 11, 581143
What are the prime factors of 3909048999?
3, 19, 68579807
List the prime factors of 84309869.
7, 47, 61, 4201
List the prime factors of 606252423.
3, 7, 23, 1255181
List the prime factors of 324898618.
2, 11, 73, 101, 2003
What are the prime factors of 653405482?
2, 23, 431, 32957
List the prime factors of 741693100.
2, 5, 7416931
List the prime factors of 65972931.
3, 21990977
What are the prime factors of 99889135?
5, 19977827
List the prime factors of 40527264.
2, 3, 73, 5783
What are the prime factors of 4012374599?
1613, 2487523
What are the prime factors of 48957146?
2, 7, 3496939
What are the prime factors of 3634617834?
2, 3, 239, 844867
List the prime factors of 1533569707.
61, 25140487
What are the prime factors of 14302595?
5, 71, 40289
List the prime factors of 78119317.
19, 216397
List the prime factors of 187675842.
2, 3, 31279307
List the prime factors of 310407485.
5, 53, 601, 1949
List the prime factors of 182910263.
182910263
List the prime factors of 138761298.
2, 3, 13, 733, 809
What are the prime factors of 91779744?
2, 3, 7, 109, 179
What are the prime factors of 460167155?
5, 7, 263, 49991
What are the prime factors of 36763072?
2, 574423
List the prime factors of 59692376.
2, 19, 499, 787
What are the prime factors of 108564013?
108564013
What are the prime factors of 46155535?
5, 173, 53359
List the prime factors of 6551692783.
6551692783
List the prime factors of 90867592.
2, 11358449
List the prime factors of 724618951.
7, 73, 151, 9391
List the prime factors of 2807469648.
2, 3, 19496317
What are the prime factors of 1865650714?
2, 4409, 211573
What are the prime factors of 442886269?
7, 63269467
What are the prime factors of 1901276244?
2, 3, 7, 1077821
List the prime factors of 1289720512.
2, 20151883
What are the prime factors of 7517391434?
2, 7, 536956531
What are the prime factors of 153827786?
2, 7, 10987699
What are the prime factors of 105126156?
2, 3, 2920171
List the prime factors of 247306116.
2, 3, 1801, 11443
What are the prime factors of 2329881221?
191, 12198331
What are the prime factors of 4952807?
4952807
List the prime factors of 39999597.
3, 11, 199, 6091
What are the prime factors of 45763163?
45763163
What are the prime factors of 296562169?
839, 353471
List the prime factors of 80368328.
2, 19, 73, 7243
List the prime factors of 18447359.
7, 47, 1193
What are the prime factors of 217611598?
2, 19, 47, 121843
List the prime factors of 855251991.
3, 11, 8638909
List the prime factors of 156935458.
2, 277, 283277
What are the prime factors of 54531825?
3, 5, 487, 1493
List the prime factors of 46778965.
5, 179, 52267
List the prime factors of 2217927204.
2, 3, 109, 188407
List the prime factors of 466138328.
2, 58267291
List the prime factors of 2205990344.
2, 937, 294289
List the prime factors of 2892728960.
2, 5, 11, 410899
What are the prime factors of 699421899?
3, 11, 47, 450949
List the prime factors of 188637889.
11, 17148899
What are the prime factors of 46612552?
2, 7, 832367
List the prime factors of 349981052.
2, 87495263
List the prime factors of 141039154.
2, 67, 1052531
List the prime factors of 1044846869.
11, 457, 207847
What are the prime factors of 991464774?
2, 3, 149, 1109021
What are the prime factors of 823818005?
5, 164763601
List the prime factors of 176145459.
3, 7, 8387879
What are the prime factors of 733448381?
181, 4052201
What are the prime factors of 124415858?
2, 7, 29, 10567
What are the prime factors of 50391768?
2, 3, 7, 299951
What are the prime factors of 3844989476?
2, 29, 33146461
What are the prime factors of 607673746?
2, 303836873
List the prime factors of 24223596.
2, 3, 2018633
What are the prime factors of 5358031224?
2, 3, 7, 13, 73, 4801
What are the prime factors of 920523885?
3, 5, 89, 257, 2683
What are the prime factors of 96589721?
37, 2610533
List the prime factors of 1174632981.
3, 7229, 54163
List the prime factors of 298253009.
251, 1188259
What are the prime factors of 2864188027?
2864188027
What are the prime factors of 315816631?
13, 24293587
List the prime factors of 54275668.
2, 31, 167, 2621
What are the prime factors of 45907322?
2, 71, 151, 2141
What are the prime factors of 394990159?
394990159
List the prime factors of 2934221293.
41, 463, 154571
What are the prime factors of 71108995?
5, 14221799
List the prime factors of 401376385.
5, 29, 773, 3581
What are the prime factors of 915913586?
2, 7, 127, 10513
List the prime factors of 830430375.
3, 5, 2214481
What are the prime factors of 2038970984?
2, 131, 139, 13997
List the prime factors of 19426437.
3, 1367, 1579
List the prime factors of 2908363895.
5, 919, 632941
What are the prime factors of 475105781?
1949, 243769
List the prime factors of 1928312252.
2, 1667, 289189
What are the prime factors of 132573553?
7, 37, 511867
What are the prime factors of 1991481734?
2, 11, 3163, 28619
List the prime factors of 54089038.
2, 89, 303871
List the prime factors of 26684362.
2, 13342181
What are the prime factors of 86630400?
2, 3, 5, 47
What are the prime factors of 263532661?
7, 37647523
What are the prime factors of 31618284?
2, 3, 23, 109, 1051
List the prime factors of 95100161.
13, 7315397
What are the prime factors of 50532400?
2, 5, 19, 61, 109
List th